?
11
What is the greatest common factor of 55018701 and 153?
9
What is the greatest common factor of 10586629 and 14668?
3667
What is the highest common divisor of 5126 and 46772?
22
What is the greatest common factor of 816 and 42616944?
48
What is the greatest common factor of 2168545 and 2065?
295
Calculate the highest common factor of 429564804 and 4728.
2364
Calculate the highest common factor of 10893294 and 396.
18
Calculate the greatest common divisor of 13277579 and 980.
49
Calculate the greatest common factor of 2860 and 6929120.
220
What is the highest common factor of 2652 and 9487296?
156
Calculate the greatest common divisor of 196676605 and 28075.
5615
Calculate the highest common divisor of 2592 and 168624.
144
What is the highest common divisor of 19247 and 2531487?
1013
Calculate the highest common divisor of 2162282 and 8131.
47
Calculate the greatest common divisor of 3 and 427416.
3
Calculate the highest common divisor of 6963 and 167481250.
211
Calculate the highest common divisor of 129408 and 7415348.
1348
Calculate the highest common divisor of 102166 and 13041.
23
What is the highest common divisor of 51 and 827798?
17
Calculate the greatest common divisor of 133 and 287146639.
19
What is the highest common divisor of 50 and 246932460?
10
Calculate the greatest common divisor of 2796672023 and 17.
17
What is the greatest common divisor of 2101401 and 36?
9
Calculate the greatest common divisor of 149929 and 87581.
13
What is the highest common factor of 4288 and 37692056?
536
What is the greatest common divisor of 16800 and 545888?
224
Calculate the highest common divisor of 2475708 and 5047.
103
Calculate the greatest common factor of 1309 and 91.
7
What is the greatest common divisor of 27962 and 38401?
11
Calculate the greatest common divisor of 647290 and 138670.
490
What is the greatest common divisor of 11260 and 511660?
20
What is the highest common factor of 39788562 and 4774?
682
Calculate the greatest common divisor of 288 and 302779008.
288
Calculate the highest common divisor of 13530 and 268818.
66
What is the highest common divisor of 15104 and 3977728?
256
Calculate the greatest common divisor of 150966 and 66919873.
8387
Calculate the greatest common divisor of 145416 and 840376.
584
Calculate the greatest common divisor of 59202 and 239200.
598
Calculate the greatest common factor of 65394812 and 7.
7
Calculate the highest common divisor of 268922 and 10633814.
4558
Calculate the highest common divisor of 5479495 and 11515.
1645
Calculate the highest common divisor of 596926526 and 2927.
2927
Calculate the highest common factor of 7812 and 528377640.
2604
What is the highest common factor of 28 and 3421999?
7
What is the highest common factor of 38808 and 51352?
392
Calculate the highest common factor of 1208400 and 60.
60
Calculate the highest common divisor of 7931385 and 630.
315
What is the highest common divisor of 3 and 35342781?
3
What is the greatest common divisor of 33369720 and 252?
12
Calculate the highest common factor of 518755 and 2012913.
359
Calculate the greatest common factor of 73283 and 87381.
133
What is the highest common divisor of 1 and 213043591?
1
What is the greatest common factor of 434495781 and 114?
57
What is the highest common divisor of 32285364 and 1308?
1308
Calculate the highest common divisor of 555 and 3812415.
15
Calculate the highest common divisor of 704165 and 25165.
35
What is the highest common divisor of 43076 and 99184448?
3916
What is the highest common divisor of 11484 and 263726?
58
Calculate the highest common factor of 19179 and 44055.
9
What is the highest common divisor of 39055991 and 65?
13
What is the greatest common factor of 212774400 and 7388?
7388
Calculate the highest common factor of 12 and 6942318.
6
Calculate the greatest common divisor of 1265664 and 22248.
2472
What is the greatest common divisor of 9830400 and 5900?
100
What is the greatest common factor of 61273 and 553183?
863
Calculate the greatest common divisor of 89961 and 141722.
191
What is the highest common factor of 1827 and 2507290758?
1827
What is the highest common divisor of 17797738 and 658?
14
Calculate the highest common divisor of 16644520 and 10478.
62
What is the greatest common factor of 499010097 and 3387?
3387
What is the greatest common factor of 14 and 64939?
7
What is the highest common factor of 22848 and 2724064?
224
Calculate the highest common factor of 175341128 and 17.
17
What is the greatest common divisor of 313 and 35375573?
313
What is the highest common divisor of 2221 and 374778203?
2221
What is the greatest common divisor of 1431382 and 226403?
1073
What is the highest common factor of 11015535 and 855?
285
Calculate the highest common factor of 80982 and 30266.
818
Calculate the greatest common factor of 238957000 and 2879.
2879
What is the greatest common factor of 14555 and 60215?
5
What is the greatest common factor of 219 and 10300811?
73
Calculate the highest common divisor of 201 and 599851.
67
Calculate the greatest common divisor of 4119663 and 3012.
753
Calculate the highest common factor of 4023 and 113735574.
1341
Calculate the highest common factor of 655632 and 234.
18
What is the highest common divisor of 834004796 and 3684?
1228
Calculate the greatest common divisor of 13380 and 9224172.
2676
What is the highest common divisor of 801495 and 6165?
45
Calculate the highest common factor of 1022760 and 65340.
540
What is the highest common divisor of 1036685 and 185553?
389
What is the greatest common divisor of 54300 and 763305960?
10860
Calculate the highest common divisor of 6 and 77066877.
3
What is the highest common divisor of 7001 and 841?
1
Calculate the greatest common factor of 25223 and 4753389.
2293
Calculate the greatest common divisor of 36967803 and 13164.
3291
What is the greatest common factor of 27988688 and 521794?
8554
Calculate the greatest common factor of 24643413 and 5913.
1971
What is the greatest common divisor of 52 and 1370525?
13
What is the highest common factor of 238053 and 14266875?
3261
What is the greatest common factor of 390 and 358495098?
78
Calculate the greatest common divisor of 11623530 and 259170.
4890
Calculate the highest common divisor of 11161665 and 783.
783
Calculate the highest common factor of 16800 and 2074920.
120
What is the greatest common divisor of 3735774 and 72?
18
Calculate the greatest common factor of 5799 and 193683.
3
What is the greatest common divisor of 1536 and 17153088?
192
What is the greatest common divisor of 42105 and 11305?
35
What is the greatest common divisor of 1700 and 3464571100?
1700
What is the greatest common divisor of 160 and 5369835?
5
What is the greatest common factor of 132298 and 28884?
58
What is the greatest common factor of 16796 and 27436?
76
What is the greatest common factor of 2093441 and 7?
7
Calculate the highest common divisor of 828 and 379683.
9
Calculate the highest common divisor of 164 and 138355156.
164
Calculate the greatest common factor of 11126864 and 560.
112
Calculate the greatest common divisor of 2151775 and 575.
25
What is the greatest common factor of 75609540 and 360?
180
Calculate the highest common factor of 56208556 and 2218.
2218
Calculate the greatest common factor of 1600415629 and 151.
151
Calculate the greatest common factor of 2169476 and 8.
4
What is the highest common factor of 330 and 2854478?
22
What is the greatest common divisor of 496 and 2190367?
31
What is the highest common divisor of 5950 and 121995825?
2975
What is the greatest common factor of 1208312798 and 462?
154
Calculate the highest common divisor of 1333 and 3046679.
43
What is the greatest common factor of 310874 and 1184?
74
What is the highest common divisor of 16780 and 102462036?
3356
What is the greatest common divisor of 1131 and 26657583?
87
Calculate the greatest common divisor of 529560 and 24260.
20
Calculate the highest common divisor of 103594529 and 14539.
2077
Calculate the greatest common divisor of 68 and 10607348.
4
What is the highest common factor of 391164 and 89059?
37
Calculate the highest common factor of 156 and 5171208.
12
What is the greatest common factor of 2783841 and 3765?
753
What is the greatest common